ose -6*c = -3*c. Suppose 0 = -4*u + g + 288, 3*u - 2*g + g - 216 = c. Calculate the highest common divisor of 8 and u.
8
Let m(a) = -a**2 + 6*a + 4. Let p be m(6). Suppose 0*o + 4*o + f - 45 = 0, 0 = 2*o - p*f. Calculate the greatest common divisor of 100 and o.
10
Suppose -4*k = -23 + 3. Suppose -3*a - k*f = -f - 44, 3*a - 14 = 2*f. Let w be (3/4)/(2/a). Calculate the greatest common factor of 27 and w.
3
Let f = -35 + 53. Suppose 3*w - 16 = -5*c, c - 3*w = -0*w + 14. Suppose -2*s - 6 = -m, -m - c*s - 4 = -2*s. What is the highest common divisor of m and f?
2
Suppose 0 = 5*p + 20, -5*r + 124 = -4*p + 8*p. Let c = -4 + 17. Let h = c - -1. Calculate the greatest common factor of h and r.
14
Let v be 9/6 + (-1235)/(-10). Calculate the highest common factor of 25 and v.
25
Let h = -39 + 87. Calculate the highest common factor of 288 and h.
48
Suppose 2*g = 5*g - 15. Suppose -2*h = 2*s - 14, -2*h + 13 - 83 = -g*s. Calculate the highest common divisor of s and 12.
12
Let c(o) = -o**3 + 5*o**2 - 5*o + 6. Let v be c(4). Calculate the greatest common divisor of v and 22.
2
Let v(r) = r - 1. Let j be v(3). Suppose -3*i - 15 = -6*i, 4*g - i - 59 = 0. Calculate the greatest common divisor of g and j.
2
Let z be 2 + -3 + 0 + (-266)/(-2). Let l be (-41)/(-4) + (-1)/4. Suppose -14 = -2*p + l. What is the greatest common factor of z and p?
12
Let b(k) = 42*k + 2. Let c(s) = -1. Let v(j) = b(j) + 2*c(j). Let t be v(1). Let l be 16/(-72) - 112/(-18). What is the greatest common divisor of l and t?
6
Let d = -197 + 293. What is the greatest common divisor of 12 and d?
12
Let q(b) = -26*b - 9. Let x be q(-4). What is the highest common divisor of 38 and x?
19
Let o = 90 + -55. Suppose 4*j + j = 0. Suppose 3*i - 2*i + 4 = 0, j = r + 2*i + 1. Calculate the highest common factor of o and r.
7
Suppose i + 22 = o + 125, 0 = -5*o + 5. Calculate the greatest common divisor of 8 and i.
8
Let l be 103/7 + 4/14. Let s = -10 + 15. Calculate the highest common factor of s and l.
5
Suppose -p - p = 38. Let h = 3 - p. Calculate the highest common divisor of 2 and h.
2
Let s = -6 - -11. Suppose 2*c + 2*a = 176, -4*c - 60 + 416 = s*a. Suppose c = 2*x - 3*g + 19, 3*x = -4*g + 55. What is the highest common factor of x and 5?
5
Let v(t) = 8*t**2 - t. Let d be v(-1). Let c be 1/2*6 + d. Calculate the highest common factor of c and 96.
12
Let f = 7 + -4. Let i be f - (-1 - (0 + 6)). Calculate the highest common factor of 10 and i.
10
Suppose 42*a - 192 = 38*a. What is the greatest common divisor of 96 and a?
48
Suppose b - 5*j = 74, 5*b + j - 250 - 68 = 0. Calculate the greatest common divisor of b and 8.
8
Let w(o) = 5*o**2 + 4. Let a be w(2). Let l be -1 + 4*9 + 1. Calculate the greatest common divisor of l and a.
12
Let w be (-3)/6 - 141/(-6). Calculate the highest common factor of w and 23.
23
Suppose 4*a = -5*o - 6 - 15, -2*a + o + 7 = 0. Suppose 0 = u + 4 - a. Let n be 46 + (6/1)/u. What is the highest common factor of n and 4?
4
Suppose 0 = -q + 3. Suppose q*y = -0*y + 9. Suppose -20 = -3*m - k, 4*m - y*k - 38 = -m. What is the highest common divisor of m and 21?
7
Let i = -163 + 82. Let h = -16 - i. Let o be (3 + 1 + -3)*13. Calculate the greatest common factor of h and o.
13
Let g be -3 - 2*(-6)/4. Suppose 2*v + 2 = -3*b, g = -3*b + 2*b - v - 2. Calculate the greatest common factor of b and 22.
2
Suppose 0 = 7*c - 43 - 27. What is the greatest common factor of c and 10?
10
Let l(a) = -2 + 3*a**3 - a - a**2 - 3*a**2 + 0*a + 5. Let n be l(3). What is the greatest common factor of n and 30?
15
Suppose 6 = -0*o + 2*o. Suppose -84 = -m - 4*c, 5*m + 8*c = o*c + 435. Calculate the highest common factor of 8 and m.
8
Let n = 97 - 63. What is the greatest common divisor of 85 and n?
17
Suppose 4*m = 3*s + 6 - 31, -2*s - 3*m = 6. Suppose 0 = r + 3*r - 16. Let p = 10 - r. Calculate the highest common factor of s and p.
3
Let t = -1 + 2. Let d be ((3 - 18/4) + 4)*2. What is the greatest common divisor of d and t?
1
Let h(b) = -b + 5. Let r be h(5). Suppose 3*v + v - 196 = r. Calculate the highest common factor of v and 7.
7
Suppose -3*q - 4*c = q, -3*c = 4*q - 4. Let n = -8 - -12. Calculate the greatest common divisor of n and q.
4
Let m = -2 + 10. Suppose -5*n + 70 = -30. Calculate the highest common factor of n and m.
4
Suppose -4*j + 2*s = -138, -3*j + 62 + 22 = 5*s. Suppose -y = -0*y - j. What is the greatest common factor of 22 and y?
11
Let a(y) = y**3 + 29*y**2 - 43*y - 3. Let z be a(-30). Calculate the highest common divisor of z and 43.
43
Let h = 170 + -118. Calculate the highest common factor of h and 13.
13
Let q = 14 - -3. Suppose -2 = -t + q. Calculate the highest common factor of 209 and t.
19
Suppose 3*w - 115 = -2*w. Calculate the highest common factor of w and 115.
23
Let n be 177 - -2*6/4. Let s be 10/(-1 + (-6)/(-4)). What is the greatest common divisor of n and s?
20
Let i(t) = -t**3 + 4*t**2 + t - 1. Let r be i(4). Let m be 4/(-30) + (-184)/(-30). Calculate the highest common divisor of m and r.
3
Let h(n) = 3*n**2 + 5*n - 8. Let z be h(-6). Let u(j) = -4*j**2 + 3*j - 2. Let x be u(5). Let s = -59 - x. What is the greatest common factor of s and z?
14
Let x = -8 - -13. Suppose 0 = 2*u - 4, -5*u + 1902 - 307 = -x*f. Let g be f/(-7) - 4/14. What is the greatest common divisor of 18 and g?
9
Suppose -4*l + 4*t + 4 = -5*l, 0 = l + 2*t + 2. Let u = 6 - l. Let j(s) = -s**2 - 6*s - 2. Let h be j(-5). What is the greatest common divisor of h and u?
3
Suppose 4*d = h + 2*h - 10, 0 = 4*d + 2*h + 20. Let a be (-2)/(-4) + 62/d. Let o = -2 - a. Calculate the highest common divisor of o and 143.
13
Let m(o) = 10*o + 15. Let r be m(12). Calculate the greatest common divisor of r and 15.
15
Suppose -3*a + 6*y + 35 = y, -5*y = 3*a - 85. What is the greatest common factor of 50 and a?
10
Let l(v) = 2*v - 11. Let q be l(9). Let j be (-4)/14 + 79/q. Let x = j - -7. What is the greatest common factor of 144 and x?
18
Let c = 178 - 78. What is the highest common divisor of 25 and c?
25
Let z(y) = y + 4. Let r be z(-4). Suppose d + g - 4 - 10 = r, -4*g = -d + 9. What is the greatest common factor of 65 and d?
13
Let o = -1 + -2. Let v be -1 + o/3*-3. Let m = 5 - v. What is the highest common factor of 33 and m?
3
Let y be (-1)/(1*1/2). Let l be 20/y*2/(-2). What is the highest common factor of 70 and l?
10
Let k be -1 + (-4)/2*-1. Let j = k + -1. Suppose j = -3*n - 2*n + 55. What is the greatest common divisor of 33 and n?
11
Let z = 76 - 37. What is the highest common divisor of 65 and z?
13
Suppose -30 - 25 = -5*i. Calculate the greatest common factor of 44 and i.
11
Let m be (1 - -2) + (11 - -25). What is the highest common factor of 13 and m?
13
Suppose -4*g = -q - 0*q - 2, 2*q + 4*g = -28. Let h be (-8)/q*(-75)/(-6). Let r = h + 5. What is the greatest common factor of r and 15?
15
Suppose -2*g - 11 - 9 = -3*w, 17 = 2*w - 5*g. Let n = w + 6. Calculate the highest common divisor of 6 and n.
6
Suppose 0*l + 5 = l. Suppose -3*w + 5 = 2*w. Suppose -l*y + w = -4, 2*g - 207 = y. What is the highest common factor of 13 and g?
13
Let s(t) = -t + 22. Let y be s(10). Suppose -v = -h - 7, -3*h - 8 - 10 = -2*v. What is the highest common factor of v and y?
3
Let q be 1 + 2 - (1 - 4). Suppose -q*p + 6 = -3*p. Calculate the highest common divisor of 14 and p.
2
Let h be -3*(-3)/(-12)*-40. Let r be (6/(-9))/((-4)/h). Let a = 1 + r. Calculate the greatest common divisor of a and 54.
6
Let g be 57*(-3 - (-48)/9). What is the greatest common divisor of 19 and g?
19
Let v(p) = -4*p - 9. Let y be v(-6). Suppose -2*l = -4*a - 0*l + 22, 2*a - 2*l = 6. Let u = a - 5. What is the greatest common divisor of y and u?
3
Let f = 43 + -32. Calculate the highest common divisor of f and 1.
1
Let r(m) = -m**3 - 4*m**2 - 3*m - 6. Let j be r(-4). Suppose -j*h = -205 - 65. Calculate the greatest common factor of h and 5.
5
Let a be (2 + -3)/((-1)/2). Suppose 14 = p + 5*n, 3*n = a*p + 16 - 70. What is the greatest common factor of 36 and p?
12
Let n = 8 - 0. What is the highest common divisor of 64 and n?
8
Suppose 5*g - 24 = 16. Suppose -4*b = 4*m - 152, -5*m + 159 = 3*b - 35. Suppose -4*w = -g*w + m. What is the highest common divisor of w and 40?
10
Let y(w) = w**2 - 3*w. Let d(p) = -2*p**2 + 7*p + 1. Let z(